618
Let c(l) = -232*l - 7259. What is c(-36)?
1093
Let o(p) = -7*p**2 - 2615*p + 33573. What is o(-386)?
-9
Let h(t) = -904221*t + 1808433. What is h(2)?
-9
Let p(w) = 13*w**2 - 667*w + 812. Calculate p(50).
-38
Let d(s) = -2*s**3 - 151*s**2 - 730*s - 6467. Calculate d(-71).
-6
Let q(b) = 343*b**2 + 117303*b - 1021. Calculate q(-342).
5
Let o(b) = -75119*b + 2929638. Give o(39).
-3
Let p(y) = -13*y**3 - 157*y**2 + 657*y + 8025. Give p(-12).
-3
Let g(s) = 31008*s - 77147900. What is g(2488)?
4
Let p(z) = z**3 + 34*z**2 + 43*z - 2687. What is p(-29)?
271
Let k(z) = -z**3 - 909*z**2 - 5115*z - 3819959. What is k(-908)?
-3
Let x(v) = -5440*v + 59922. Give x(11).
82
Let i(o) = -91*o**2 - 7741*o + 109. Calculate i(-85).
619
Let q(k) = -k**2 + 212*k - 2136. Give q(10).
-116
Let n(w) = 1271*w**2 - 262*w + 490. Give n(2).
5050
Let x(m) = 1416*m + 192573. Give x(-136).
-3
Let h(f) = 23599*f + 189515. Calculate h(-8).
723
Let v(d) = -4*d**3 + 4*d**2 + 421*d - 642. Determine v(10).
-32
Let b(l) = -l**3 - 98*l**2 + 1792*l - 3641. Calculate b(-114).
7
Let l(z) = z**3 + 366*z**2 - 1487*z - 2572. What is l(-370)?
18
Let f(v) = v**3 - 196*v**2 + 377*v + 2225. Give f(194).
91
Let v(d) = -12*d**3 + 209*d**2 - 631*d + 9340. What is v(17)?
58
Let p(d) = -964*d - 91069. Give p(-95).
511
Let j(g) = 37*g**3 - 9*g**2 + 3*g + 15. Give j(-2).
-323
Let g(m) = -7789*m + 15586. Determine g(2).
8
Let n(p) = 116*p**2 + 1688*p - 1674. Give n(1).
130
Let o(h) = 85*h - 485. What is o(8)?
195
Let g(k) = -9*k**2 + 27*k - 156. Calculate g(13).
-1326
Let j(l) = 2*l**2 - 435*l + 20847. Calculate j(74).
-391
Let v(q) = -q**3 - 16*q**2 + 814*q + 13501. Calculate v(-17).
-48
Let t(o) = -23*o**2 - 162*o - 1034. What is t(-15)?
-3779
Let y(j) = -28*j**3 + 3706*j**2 - 1319*j - 130. Give y(132).
2
Let j(g) = -g**3 + 116*g**2 - 842*g - 2486. Give j(108).
-110
Let n(c) = 105*c**2 + 17903*c - 101542. Determine n(-176).
10
Let r(v) = -v**3 - 26*v**2 - 22*v - 347. What is r(-25)?
-422
Let a(w) = -203*w**2 + 38*w - 71. Give a(2).
-807
Let j(h) = 477*h + 17491. Calculate j(-37).
-158
Let d(m) = -10834*m - 1. Give d(0).
-1
Let y(s) = 14*s**2 + 136*s - 236. Give y(-12).
148
Let x(p) = -3*p**3 + 1074*p**2 + 82*p - 29376. What is x(358)?
-20
Let c(p) = p**2 + 17*p - 19989. Give c(-149).
-321
Let z(a) = -338*a - 44429. Determine z(-127).
-1503
Let o(j) = j**3 - 3394*j**2 + 23638*j + 498. What is o(7)?
1
Let w(d) = 2*d**2 - 1424*d + 15365. Give w(11).
-57
Let l(r) = -72823*r - 509772. What is l(-7)?
-11
Let q(r) = 229229*r + 5043001. Calculate q(-22).
-37
Let z(w) = -43*w - 5446. Calculate z(-128).
58
Let n(k) = -k**3 + 114*k**2 + 271*k - 17849. Give n(115).
91
Let g(m) = -43*m**2 - 30*m - 269. Give g(-4).
-837
Let a(d) = 1243*d - 53462. What is a(43)?
-13
Let y(c) = -5*c**2 + 341*c + 708. What is y(-2)?
6
Let h(v) = -723*v - 674566. Give h(-933).
-7
Let m(t) = 5407*t - 735359. Give m(136).
-7
Let u(n) = -7*n**2 - 1948*n + 7367. What is u(-282)?
35
Let g(z) = 3838*z**2 + 65253*z + 42. What is g(-17)?
-77
Let x(p) = 5*p**2 + 1211*p - 280181. Give x(-387).
7
Let x(z) = 32*z - 308. Give x(-38).
-1524
Let i(m) = -8*m**2 + 48*m + 17565. Calculate i(-45).
-795
Let x(z) = -21*z**3 - 44*z**2 + 126*z + 283. Determine x(-2).
23
Let j(q) = -3*q**2 + 341*q - 7387. Determine j(25).
-737
Let q(u) = -3*u**2 + 1334*u + 247738. Determine q(-141).
1
Let a(s) = s**2 - 187*s - 9562. Give a(229).
56
Let k(b) = 15*b**3 - 308*b**2 + 437*b + 3. Give k(19).
3
Let a(g) = 16*g**3 - 1663*g**2 - 110*g + 128. What is a(104)?
-496
Let t(d) = 1067*d + 8501. What is t(-9)?
-1102
Let r(l) = -42*l**3 - 3*l**2 - 22*l + 20. Determine r(1).
-47
Let v(j) = 15*j**3 + 57*j**2 - 177*j + 98. Give v(-6).
-28
Let b(t) = -t**3 + 25*t**2 - 1786*t + 42264. What is b(24)?
-24
Let h(y) = -y**2 + 1722*y + 180755. Give h(-99).
476
Let g(j) = j**3 - 122*j**2 + 2144*j + 11. Give g(21).
494
Let a(r) = -r**2 - 733*r + 175364. Give a(-923).
-6
Let a(z) = -2*z**2 - 8*z + 426. Give a(12).
42
Let v(j) = -5680*j + 3180829. Calculate v(560).
29
Let m(a) = -5*a**3 + 27*a**2 - 129*a + 576. Determine m(5).
-19
Let u(p) = 18824*p - 790594. Determine u(42).
14
Let q(c) = -18111*c + 3459207. Calculate q(191).
6
Let q(y) = 5*y**3 + 12*y**2 - 617*y + 1180. Calculate q(2).
34
Let t(a) = -6312*a + 138812. Calculate t(22).
-52
Let b(p) = -3*p**3 - 210*p**2 - 1639*p + 144. Give b(-61).
-344
Let b(u) = -4*u**2 - 478*u + 44027. Determine b(61).
-15
Let m(q) = 19*q**2 + 80*q - 9. Give m(-5).
66
Let o(h) = 18205*h + 127386. What is o(-7)?
-49
Let r(j) = 2*j**3 + 1429*j**2 + 714*j + 215. Determine r(-714).
215
Let f(a) = -a**3 - 78*a**2 - 1550*a + 45. Calculate f(-42).
1641
Let t(r) = 2*r**3 - 168*r**2 + 9*r + 335. Determine t(84).
1091
Let p(w) = 6943*w + 6519461. Calculate p(-939).
-16
Let q(v) = 101*v - 482. Give q(18).
1336
Let z(q) = -288*q**2 - 620*q - 3121. Calculate z(-5).
-7221
Let m(u) = -16646*u - 1597970. Give m(-96).
46
Let m(g) = 243*g + 33566. Determine m(-137).
275
Let m(b) = 45*b**2 - 62*b - 74. Calculate m(6).
1174
Let t(o) = -80*o**2 + 13528*o - 1343. What is t(169)?
9
Let o(t) = 610*t**2 - 131*t - 133. What is o(-1)?
608
Let n(k) = -8304*k - 40776. What is n(-5)?
744
Let x(q) = -3*q**3 + 795*q**2 + 803*q - 1503. Give x(266).
-173
Let k(u) = -4*u**3 - 41*u**2 - 205*u - 1722. What is k(-10)?
228
Let d(g) = -67*g**2 + 494*g + 611. Calculate d(6).
1163
Let y(h) = 28798*h + 115165. Calculate y(-4).
-27
Let b(w) = 446*w + 6980. Calculate b(-15).
290
Let r(a) = -3*a**2 - 364*a + 8295. Give r(20).
-185
Let r(d) = 351*d**3 - 15*d**2 - 12*d + 12. Determine r(-2).
-2832
Let z(b) = b**3 + 15*b**2 + 132*b + 827. Determine z(-10).
7
Let h(x) = x**3 - 20*x**2 - 953*x - 158. Give h(-22).
480
Let k(b) = 355*b - 13906. What is k(38)?
-416
Let g(h) = -h**2 - 62107*h - 186306. Give g(-3).
6
Let i(g) = 451*g - 59382. What is i(125)?
-3007
Let c(m) = 327259*m - 8835988. Calculate c(27).
5
Let p(u) = 4*u**2 - 48816*u - 390571. Give p(-8).
213
Let c(n) = 2*n**3 + 638*n**2 + 605*n + 398386. What is c(-320)?
-14
Let r(t) = 306*t - 9832. Determine r(33).
266
Let s(j) = -2*j**3 + 3*j**2 - 21963*j + 65891. Calculate s(3).
-25
Let y(j) = -j**3 - 36*j**2 + 4009*j + 7584. What is y(49)?
-60
Let d(c) = -21991*c + 263890. Calculate d(12).
-2
Let i(c) = -c**3 - 1400*c**2 + 12683*c - 27. What is i(9)?
-9
Let q(l) = -35078*l + 6068500. Give q(173).
6
Let t(f) = -415*f + 7537. Calculate t(26).
-3253
Let m(v) = v**3 - 299*v**2 - 835*v + 69976. Give m(301).
-157
Let k(r) = -6*r**3 + 77*r**2 - 3*r + 236. What is k(13)?
28
Let n(m) = -m**3 - 152*m**2 + 5472*m - 319. Calculate n(30).
41
Let p(u) = -u**3 + 58*u**2 + 477*u + 3867. What is p(66)?
501
Let j(v) = 5*v**3 + 3*v**2 + 23*v - 27. Determine j(5).
788
Let f(n) = 189882*n + 2848242. What is f(-15)?
12
Let j(h) = -4*h**3 - 37*h**2 - 43*h - 244. Determine j(-9).
62
Let k(g) = -5*g + 274. What is k(65)?
-51
Let h(o) = -103*o**3 - 2*o**2 + 7*o + 27. What is h(-2)?
829
Let w(k) = -5985*k + 227339. Calculate w(38).
-91
Let u(q) = 1214*q - 41984. Calculate u(35).
506
Let o(w) = 9136661*w - 9136661. Determine o(1).
0
Let k(q) = -2*q**2 + 207708*q - 3738110. Give k(18).
-14
Let l(u) = 3298*u**2 - 13201*u - 6. Determine l(4).
-42
Let b(r) = 177*r + 12460. What is b(-70)?
70
Let g(x) = -231785*x + 17615664. Give g(76).
4
Let z(m) = -m**2 - 13882*m + 27764. Calculate z(2).
-4
Let w(o) = -2045*o + 734157. Calculate w(359).
2
Let v(w) = -5*w**3 - 458*w**2 + 134*w - 4609. Determine v(-92).
-9
Let x(r) = -854*r - 28202. Give x(-33).
-20
Let c(u) = -46*u**2 + 6964*u - 2329. Determine c(151).
389
Let b(n) = 94*n - 1990. What is b(10)?
-1050
Let c(g) = -9*g**2 - 692*g - 1055. What is c(-75)?
220
Let r(z) = -10923*z + 54620. Calculate r(5).
5
Let m(g) = -g**3 - 36*g**2 - 15*g + 4. Determine m(-8).
-1668
Let t(x) = -2609*x + 13083. Determine t(5).
38
Let p(o) = 2*o**3 - 503*o**2 + 90*o + 40412. Calculate p(251).
1
Let d(x) = 2548*x**2 - 20372*x + 19. Determine d(8).
115
Let o(w) = w**3 + 6*w**2 - 6*w - 27. Give o(-8).
-107
Let z(c) = -7330*c - 249191. Calculate z(-34).
29
Let h(x) = 1090*x - 135162. Calculate h(124).
-2
Let s(f) = -374*f + 38897. What is s(104)?
1
Let f(n) = 542*n + 51476. What is f(-95)?
-14
Let a(u) = -u**3 - 52*u**2 + 47*u - 356. Determine a(-5